 -26.
22
Let l(t) = t**3 - t**2 - t + 2. Let n be l(0). Suppose 0 = i - n*i + 10. Calculate the remainder when i is divided by 3.
1
What is the remainder when 39 is divided by 4/3*84/8?
11
Suppose -29*s = -22*s - 126. Calculate the remainder when s is divided by 4.
2
Suppose 2*m = -z + 12, 0 = -5*m + 2*z + 8 + 4. Suppose m*d + d + 5 = 0. What is the remainder when 14 is divided by 4 - (0 - -1)*d?
4
Suppose -4*l = -0*l - 16. Suppose -h = -l*h + 30. Calculate the remainder when 31 is divided by h*((-13)/(-5) - 1).
15
Suppose 144*g - 149*g + 30 = 0. Let f = 44 - 28. What is the remainder when f is divided by g?
4
Let j(q) = -3 + 20 + q**3 - q + 0*q. Calculate the remainder when j(0) is divided by (3 - 1) + (2 - (-4 - -2)).
5
Suppose 7*p - 2*p = 40. What is the remainder when 2/p + 396/16 is divided by 14?
11
Suppose -54 = 2*c - 5*c. What is the remainder when 105 is divided by c?
15
Suppose -5*x = c - 3 - 4, 5*x = 2*c + 1. What is the remainder when 3 is divided by x?
0
Suppose 6*v = 2*v + 40. Calculate the remainder when v is divided by 6.
4
Suppose -4*r - 6 = q, q - 2*r = -4*r - 2. Let a be q + -2 + 0 - 16. Let m = -2 - a. What is the remainder when 27 is divided by m?
13
Let v(s) = s**2 + s + 10. What is the remainder when 17 is divided by v(0)?
7
Let n = -5 + -2. Let o(a) = -11*a + 2. Let z be o(-5). Let r = n + z. Calculate the remainder when r is divided by 17.
16
Let z be (3/(-9))/(3/(-45)). Suppose 4*r - 5*l = 128, 4*r - z*l - 101 = r. What is the remainder when r is divided by 14?
13
Suppose 0*t + 92 = 2*t. What is the remainder when t is divided by 16?
14
Let r = 5 - 3. What is the remainder when 31 is divided by r?
1
Suppose 6*n = 5*n. Suppose -5*p = -n*p - 15. Suppose 4*y - 55 = p*t, 0 = y + 4*y + 3*t - 89. What is the remainder when 46 is divided by y?
14
Suppose -39 = -4*f + 2*j + j, f - 26 = 4*j. Let r = f + 2. What is the remainder when (0 + 3/(-2))*-10 is divided by r?
7
Suppose 0 = 3*v - 5*z - 1 - 0, 4*v - 3*z + 6 = 0. Let t = 6 + v. What is the remainder when 3 is divided by t?
0
Let f = -22 - -39. Let r = 70 - 20. What is the remainder when r is divided by f?
16
Let t(v) = 5*v**3 - 3*v**2 + v - 2. What is the remainder when t(2) is divided by 10?
8
Suppose w + 1 = t, 4*t - 4 = -0*t - 2*w. Suppose -3*i = -93 + 21. Calculate the remainder when i is divided by 2/t*26/4.
11
Let p(z) = z**3 - z**2 + 4. Let r be p(0). Suppose 14 + 202 = r*d. Calculate the remainder when 6 is divided by ((-4)/6)/((-12)/d).
0
Suppose -5*i + 6 + 24 = 0. Calculate the remainder when 16 is divided by i.
4
Let d be 4/(-6)*444/8. Let y = -21 - d. What is the remainder when y is divided by 6?
4
Let f = 16 + -11. Calculate the remainder when 52 is divided by 88/f - (-14)/35.
16
Suppose 0*g - 4*g = -68. Calculate the remainder when g is divided by 6.
5
Suppose -5*h + 26 = -9. Calculate the remainder when h is divided by 2.
1
Let j be 1*-2 + (-2)/(-2). Let b(s) = -12*s - 3. Let o(v) = -18*v - 5. Let x(c) = 8*b(c) - 5*o(c). Calculate the remainder when 13 is divided by x(j).
6
Let j(q) = -q + 17. Suppose 0 = 3*p - 4*i - 123, -2*i - 4 = 2. What is the remainder when p is divided by j(7)?
7
Let q(o) = -o**3 + o**2 + o + 2. Let u be q(0). Suppose n - u*n + 29 = 2*r, 5*r - 50 = 5*n. What is the remainder when r is divided by 8?
5
What is the remainder when (-4)/(-5) - (-7376)/80 is divided by 24?
21
Let r be ((-12)/15)/((-4)/10). Suppose r*z + 2*w - 32 = 0, -3*z + 30 = -z + w. Calculate the remainder when (6/(-3))/(4/(-82)) is divided by z.
13
Suppose 2*m = -12*m + 266. Calculate the remainder when 73 is divided by m.
16
Suppose 17 = 3*r - 10. What is the remainder when 10 is divided by r?
1
Let l(b) = 32*b**2 - 2*b - 4. Calculate the remainder when 88 is divided by l(-1).
28
Let g(u) = -u**3 - 6*u**2 - 8*u - 6. Let b be g(-5). Let c = 1 + b. What is the remainder when 29 is divided by c?
9
Suppose -15*y + 94 = -13*y. Calculate the remainder when y is divided by 24.
23
Suppose 3*p + 6 - 27 = 0. Suppose -18 = -5*t + m, 4*t - 2*m - 10 = m. Calculate the remainder when p is divided by t.
3
Let g(s) = 3*s - 6 - 3*s + 5*s. Calculate the remainder when g(6) is divided by 9.
6
Let f(n) = n**3 - 6*n**2 - 5*n. Let g(q) = q**2 - 3*q - 13. What is the remainder when g(-6) is divided by f(7)?
13
Let r be 220/14 - 8/(-28). Let k = r - 10. Let t(d) = -d**2 + 6*d + 2. What is the remainder when t(k) is divided by 1?
0
Let p = 148 + -104. Let m = p - 28. Calculate the remainder when (-18)/2*10/(-3) is divided by m.
14
Suppose 4*a = 3*t - 74, 4*t = -2*a + a + 105. What is the remainder when 6/6 + 1 + t is divided by 11?
6
Let l = -6 - -16. Let v(x) = -3*x**3 + 2*x**2 + 4*x + 3. Calculate the remainder when v(-2) is divided by 35/2*8/l.
13
Let l = -42 + 22. Let c = l + 33. Suppose -5*r + 32 = -3. Calculate the remainder when c is divided by r.
6
Suppose -2*i + 2 = 0, 0 = b - i - 4*i - 15. What is the remainder when b is divided by 12?
8
Let p(y) = -y**3 - y**2 + y + 1. Let u be p(-1). Let h(f) = -f**3 + f**2 - f + 59. Calculate the remainder when h(u) is divided by 12.
11
Let w(m) = -7*m - 9. Let p(c) = -8*c - 2. What is the remainder when w(-7) is divided by p(-2)?
12
Suppose 4*v - 72 = 4*q, 3*q = 3*v - v - 32. Suppose -2*s + 102 - 6 = 0. Suppose -3*m = 2*z + 2*z - s, -3 = -z. Calculate the remainder when v is divided by m.
10
Let t(g) = 2*g**2 + 3*g. Let l be t(-5). Suppose 2*f - l = -3*f. Calculate the remainder when 17 is divided by f.
3
Suppose 5*b - 4*b = 39. Suppose -3*u = -3*n + b, -4*n - 3*u + 61 = 2*u. Calculate the remainder when n is divided by 4.
2
Let r(y) = y**3 - 9*y**2 + 20*y + 7. Calculate the remainder when 21 is divided by r(5).
0
Let g(v) = v**3 + 6*v**2 + 7*v + 5. What is the remainder when 20 is divided by g(-2)?
6
Suppose -c = 5*g + 91, g + 3*g + 5*c = -77. Let i(a) = a**2 + a - 3. What is the remainder when i(-5) is divided by -4*4/(32/g)?
8
Suppose 0 = 3*k, -2*v + 4*v - 592 = 2*k. Suppose -v = -4*c - 40. Let f(a) = -a**3 + 10*a**2 - 5*a - 14. Calculate the remainder when c is divided by f(9).
20
Let s(v) = v**2 - 4*v - 4. Let d be s(-6). Suppose -w + d + 5 = 0. What is the remainder when w is divided by 16?
13
Suppose -3*l - 8 - 19 = -u, -u = 2*l - 7. Let q(b) = b**2 + 3*b + 8. What is the remainder when u is divided by q(0)?
7
What is the remainder when 31 is divided by (34/(-4) + 0)*-2?
14
Suppose 9 = -5*i + 34. What is the remainder when 12 is divided by i?
2
Suppose -6*k + k + 185 = 0. What is the remainder when k is divided by 8?
5
Let j(l) = l**3 - 6*l**2 + 3*l + 3. Let h be j(5). Let t = h - -14. Calculate the remainder when t is divided by 64/40*(-5)/(-2).
3
Let t(y) = 14*y + 2. Suppose -4*p + 9*p + 75 = 0. Let r = p - -44. What is the remainder when r is divided by t(1)?
13
Suppose -16 = -u + 5*x, 2*u - 32 = -3*x + 2*x. Calculate the remainder when u is divided by 1*5 + 3 + 1.
7
Let n = 105 - 80. What is the remainder when 47 is divided by n?
22
Let o = -5 - -19. What is the remainder when 136 is divided by o?
10
Suppose 2*o = -3*q - 268, 2 - 6 = -2*q. Let y = o - -199. What is the remainder when y is divided by 16?
14
Suppose 3*t - 1 = -7. Let o(z) = -6*z. Calculate the remainder when 34 is divided by o(t).
10
Suppose -3*t = -2*t - 4. Let v be -1 + 5 + 2 + -4. Suppose -h = -v*h + 7. What is the remainder when h is divided by t?
3
Suppose 0 = 2*v + 17*v - 399. What is the remainder when v is divided by 11?
10
Let n = 34 - 1. Calculate the remainder when n is divided by 17.
16
What is the remainder when 726/4 + (-3)/(-18)*-3 is divided by 26?
25
Suppose 17 + 4 = 7*w. What is the remainder when 5 is divided by w?
2
Let m = -16 + 22. What is the remainder when 22 is divided by m?
4
Suppose 0 = -4*b - 3 - 57. Let s = b - -34. What is the remainder when s is divided by 10?
9
Suppose 0 = 5*j - 10. Suppose -j*i - 2*p = -22, 3*i - 2*p - 8 - 10 = 0. Suppose -i = -s + 8. Calculate the remainder when 30 is divided by s.
14
Let o(v) = -2*v**3 + 0*v**3 + 4*v - 2*v + 2. What is the remainder when 27 is divided by o(-2)?
13
Let f = -176 - -517. What is the remainder when f is divided by 57?
56
Suppose 4*n - 7 = 3*i, -5*i - 5*n = -4*n + 4. What is the remainder when (i/2)/(6/(-168)) is divided by 4?
2
Suppose -12 = j - 0. Let t = j + 17. What is the remainder